digit of v?
1
Let z be 2*(-1)/2*-9. Let u(h) = 3*h**2 - h + 18. Let q be u(z). Suppose -9*s + 27 = -q. What is the units digit of s?
1
Suppose -7*z + 18 = -z. Suppose 2 - 8 = z*y. What is the tens digit of (-1008)/(-22) - y/11?
4
Let t = 88 + -846. Let d = -724 - t. What is the units digit of d?
4
Let q(s) = -s**2 - 45*s + 93. Let r = 101 + -129. What is the tens digit of q(r)?
6
Suppose 26*o - 8 = 34*o. What is the hundreds digit of (o/1)/((-3)/1407)?
4
Let w = -37 - -37. Suppose w = 13*s - 3*s - 7950. What is the hundreds digit of s?
7
Let n(y) = 24 - 4*y - 7 + 9 + 4. Let a be n(5). Suppose -w + a + 8 = 0. What is the tens digit of w?
1
Suppose 14*u = 8*u. Suppose u = -5*y - 38 - 227. Let o = 85 + y. What is the units digit of o?
2
Suppose 0 = -m - m + 4, 0 = 2*f - 4*m + 4. Let i be 1/f + (39/6)/(-1). Let v(q) = -5*q + 20. What is the units digit of v(i)?
0
Let b = 389 - 298. Suppose 93*f - b*f - 354 = 0. What is the hundreds digit of f?
1
Let x be 6*(-7 + 6) - -227. Let j = 390 - x. What is the hundreds digit of j?
1
Suppose 0 = 2*s - 10, m - 96*s + 101*s = 33907. What is the ten thousands digit of m?
3
Let y(f) = 4*f**2 + 10*f - 1. Let o be y(-7). Suppose 0 = -5*u - v - o, u - 5*v + 25 = -0*v. Let w = 54 + u. What is the units digit of w?
9
Let m = -68 - -118. Let a = 57 - m. What is the units digit of a + -12 - -11*3?
8
Let n(a) = -1503*a**2 + 15*a - 29. Let q(s) = 376*s**2 - 4*s + 8. Let l(c) = 2*n(c) + 9*q(c). What is the units digit of l(2)?
4
Suppose 3*v = -5*g + 9, -2 + 1 = g + 2*v. Suppose 0*w - 1026 = -g*w. What is the units digit of w?
2
Let i = -13 + 4. Let o(b) = -49*b + 21. Let v be o(i). Suppose 4*f + g - v = -g, 579 = 5*f + 3*g. What is the hundreds digit of f?
1
Let q be -1*(5 + -6)*1 + -4. What is the hundreds digit of ((-500)/15)/(1*q/63)?
7
Let f be ((-6)/(-15))/(-3 - (-16)/5). What is the tens digit of (1269/12 - f) + 2/8?
0
Let z(v) = 425*v**2 - 29*v - 133. What is the tens digit of z(-4)?
8
Let x be -1 - -408 - (15 + -22). Let n = x + 150. What is the units digit of n?
4
Let g be (6 - 5)*2447 + 7 + -2. What is the units digit of g/(-3)*(7 + (-68)/8)?
6
Let i(t) = t**3 + 50*t**2 + 15*t - 44. What is the thousands digit of i(-26)?
5
Let t be (-168968)/3*201/134. What is the hundreds digit of t/(-64) + (-2)/32?
3
Let a be 3/(-1)*-5*-1. Let w = 17 + a. Suppose -j = j - i - 149, 10 = w*i. What is the units digit of j?
7
Let t(h) = 21*h - 6. Suppose 3*c + 0*c = 6. Suppose 0 = -k - 5*x + 4 + 4, c*x + 4 = 2*k. What is the units digit of t(k)?
7
Let j be ((-6)/8)/((-249)/(-1328)). What is the units digit of ((-12 + 1)*j)/(2/8)?
6
Let d(n) = -2712*n + 509. What is the units digit of d(-16)?
1
Suppose -7*s - 15852 = -s - 60990. What is the thousands digit of s?
7
Let d be (7/14)/((-3)/132). Suppose 0 = -5*m + 45 + 95. Let r = m - d. What is the tens digit of r?
5
Suppose 3*z - f = 4*f + 7, 5*z = -3*f + 23. Suppose z*o + 263 = 799. Suppose 7*k - o = 412. What is the tens digit of k?
7
What is the hundreds digit of -1 + 159*(7 - (-2 - (85 - 7)))?
8
What is the tens digit of 104/18 + 60/270 + -6 - -25627?
2
Let p be 2 + 2*2/(-2). Suppose 5*h + c - 5*c - 2534 = p, 4*h - 2*c - 2026 = 0. Suppose -2*m = -4*q - 358 + 22, -3*m + 5*q = -h. What is the hundreds digit of m?
1
Suppose -8*b + 559892 = -12*b + 80*b. What is the hundreds digit of b?
3
Suppose -19*z + 14*z - 7946 = -i, 3*i + 3*z - 23730 = 0. What is the tens digit of i?
1
Suppose t = -5*m - 19, 3*t = -m - 2*m + 3. Let l be (-2)/t + (-340)/(-12). Let y = l + 34. What is the tens digit of y?
6
Suppose 0 = m + 4*y - 930 - 9852, -5*y - 15 = 0. What is the hundreds digit of m?
7
What is the units digit of (-781638)/(-27) - (-8 + 272/36)?
0
Let s be (-10)/(-55) - 0 - 20415/55. What is the units digit of 6/(-7)*s/2?
9
Suppose -157*j + 136*j = -1414287. What is the units digit of j?
7
Suppose -94 = 2*x - 92. Let s be x/(-4) - (-194)/(-8). What is the tens digit of 4*((-16)/s - (-199)/12)?
6
Suppose 0 = 4*a - o + 1, 0 = -4*a + o - 4*o + 19. Suppose -4*t = t - 2*y - 4363, a = y. What is the tens digit of t?
7
Let q be (-1 + -1)*(-1172)/8. Let y = -179 - 22. Let o = y + q. What is the units digit of o?
2
What is the ten thousands digit of (-192192)/(-35)*(530/30 + -11)?
3
Suppose 2*q - 8 = -0*q, -3*i - 4 = -q. Suppose i = -15*n - 6*n + 4095. What is the tens digit of n?
9
Let p = -81 - -203. Suppose -p*v = -124*v + 528. Suppose 2*q - v = -4*j + 3*j, -2*q = 3*j - 256. What is the tens digit of q?
3
Let f(q) = 3*q**2 + 4*q - 1. Suppose -8 = 3*r - c, 5*r - r + 18 = 5*c. Let d be f(r). What is the tens digit of -338*d/(-6)*1?
6
Let g = 85 - 85. Suppose i - 5*i - 16 = g, 5*i - 541 = -3*n. What is the tens digit of n?
8
Suppose -204*j - 57*j + 4*j = -18411737. What is the hundreds digit of j?
6
What is the ten thousands digit of ((-6)/(-18) - 26/6)/((-164)/938654)?
2
Suppose -28*o + 20157 = -23*o + 4*n, -2*n - 16136 = -4*o. What is the tens digit of o?
3
Let d = 1499 + -1040. Let g = 106 + d. What is the hundreds digit of g?
5
Suppose -541*o = -548*o + 26250. What is the units digit of o?
0
Suppose -u + 5*w = -1, 4*u + 0*w - 52 = -4*w. Suppose -2 = 3*c - u. Suppose 191 = c*l - 118. What is the tens digit of l?
0
Let n = -3021 + 3050. What is the tens digit of n?
2
Suppose -978280 = -3*p - 4*f, -4*f + 270400 - 1574820 = -4*p. What is the hundreds digit of p/480 - 3/8?
6
Let c(o) = 7*o - 9. Let i be c(0). Let s(u) = -21*u - 11. Let g be s(i). Let p = 383 - g. What is the tens digit of p?
0
Let z be ((-2)/8)/((-14)/56). Let p be -4 + z + (-2)/(-4)*2. What is the tens digit of (16/(-3))/(p/15)?
4
Let h(q) = 36*q - 33. Let l(s) = 2. Let w(b) = -h(b) + 3*l(b). Let r be w(-6). Suppose -258*y + 495 = -r*y. What is the hundreds digit of y?
1
Suppose -58*l + 53*l = 2*m - 2869, 1147 = 2*l + m. What is the tens digit of l?
7
Let b be ((-8)/(-12))/((-28)/64134). Let h = b - -2667. What is the thousands digit of h?
1
Let l be (-57)/171 - 34/6. Let f(p) = 58*p**2 + 84*p + 5. What is the units digit of f(l)?
9
Suppose 80*o - 315 = 65*o. Suppose o*u - 9225 = 9045. What is the units digit of u?
0
Suppose 40 = -6*l + 610. Let h be (-7)/(-14)*(-16)/(-10)*l. Suppose 2*r + 4 = 0, -k + h = 3*k + 2*r. What is the tens digit of k?
2
Let x(p) = -9*p**2 - 25*p - 28. Let g be x(-10). Let f = -335 - g. What is the tens digit of f?
4
Let k(v) = v**3 - 39*v**2 - 180*v - 61. What is the thousands digit of k(44)?
1
Let h be 0 + (-4)/(8/(-114)). Suppose -96 = -3*w + h. Let l = w + 1. What is the units digit of l?
2
Suppose -313585 - 279425 = -55*t. What is the tens digit of t?
8
Let v be (4*(-145)/15)/(6/(-63)). Let b = 629 - v. What is the units digit of b?
3
Suppose 4*y - 5*y - 30 = 0. Let a be (-6)/27 + 0 - 1765/(-45). Let w = a + y. What is the units digit of w?
9
Let t be (-75)/(-30) + 1/(-2). Suppose -b = l - 426, t*l - 3*l = -2*b - 435. What is the tens digit of l?
2
Let m(t) = 4*t**2 + 149*t - 41. Let d be m(-33). Let w = -371 - d. What is the hundreds digit of w?
2
Suppose 0 = 3*o - q + 16, -o + 2*q - 20 = 2*o. Let p(a) = 4*a + 20. Let w be p(o). Suppose -1548 = -2*b - w*b. What is the hundreds digit of b?
2
Let r(q) = q**2 - 3*q - 16. Let w(g) = g**3 - 8*g**2 + g - 2. Let h be w(8). Let t be (-3 + h)*(-11)/(-3). What is the tens digit of r(t)?
7
Let w = -64327 - -130186. What is the ten thousands digit of w?
6
Suppose -100*s + 2545920 = 41*s - 81*s. What is the units digit of s?
2
Let a(j) = j**2 - 17*j + 525. What is the thousands digit of a(-44)?
3
Let y(v) = -39*v - 149. Let n be y(-5). Let f = 645 + n. What is the hundreds digit of f?
6
Let t = -120 - -60. Let m = -58 - t. Suppose -m*c - 156 = -6*c - j, -5*j = 0. What is the units digit of c?
9
Let x(p) = -137*p**3 + 3*p**2 - 2. Let k be x(-1). Suppose -3*o + n + 9 = -k, -n + 3 = 0. What is the tens digit of o?
5
Let q = -298 - -330. Suppose q - 964 = -f. What is the units digit of f?
2
Let i(s) = s**2 + 43*s - 44. Let r be i(-44). Suppose -5*n = 0, r = -2*u - u - 5*n + 2799. What is the units digit of u?
3
Let r be (1 + 5)*(-2 + 14/6). Let q(g) = -6*g**2 - g**3 - 3 - 2*g**r - g - g**2. What is the units digit of q(-9)?
6
Suppose 25 = 5*f, -7*f + 7 = -w - 5*f. Suppose -645 = -4*n + w*d, 4*n - 5*d = 63 + 572. Suppose -n = -3*m + 2*m. What is the units digit of m